{"id":19,"date":"2014-01-03T19:39:43","date_gmt":"2014-01-03T18:39:43","guid":{"rendered":"http:\/\/www.margreetdatema.nl\/wordpress\/?page_id=19"},"modified":"2024-10-01T19:22:21","modified_gmt":"2024-10-01T18:22:21","slug":"de-dwarsfluit","status":"publish","type":"page","link":"http:\/\/www.margreetdatema.nl\/wordpress\/de-dwarsfluit\/","title":{"rendered":"De dwarsfluit"},"content":{"rendered":"<p>De dwarsfluit &#8211; in de klassieke muziek meestal kortweg fluit genoemd &#8211; wordt, zoals de naam aangeeft, dwars op de lippen geblazen; de luchtstroom uit de mond staat haaks op de boring van het instrument. De kleinere en hoger gestemde uitvoering wordt piccolo genoemd, de grotere uitvoeringen altfluit en basfluit.<\/p>\n<h2>Theobald B\u00f6hm<\/h2>\n<p>De moderne dwarsfluit, tegenwoordig meestal van metaal, is door Theobald B\u00f6hm ontwikkeld uit de traverso (barokfluit) die meestal van hout was. B\u00f6hm ontwierp een kleppensysteem waardoor het mogelijk is om met 10 vingers volledig chromatisch te kunnen spelen. Dit kleppensysteem (B\u00f6hm-systeem) is later (ten dele) overgenomen voor andere blaasinstrumenten zoals de hobo en de klarinet. Ook wijzigde B\u00f6hm de boring van de fluit: het kopstuk van de B\u00f6hmfluit is conisch en niet cilindrisch zoals bij de traverso, terwijl het corpus juist cilindrisch is, in tegenstelling tot het conische (taps toelopende) corpus van de traverso. De moderne piccolo heeft overigens nog wel de &#8220;oude&#8221; boring zoals de traverso die had.<\/p>\n<p><iframe loading=\"lazy\" title=\"Sonata VI Largo\" width=\"604\" height=\"340\" src=\"https:\/\/www.youtube.com\/embed\/1mClTbpA0Vo?feature=oembed\" frameborder=\"0\" allow=\"accelerometer; autoplay; clipboard-write; encrypted-media; gyroscope; picture-in-picture; web-share\" referrerpolicy=\"strict-origin-when-cross-origin\" allowfullscreen><\/iframe><\/p>\n<h2>Waar bestaat een dwarsfluit uit?<\/h2>\n<p>Een dwarsfluit bestaat uit een smalle, rechte buis met drie onderdelen, namelijk het kopstuk met een lipplaat, het middenstuk met kleppen die door de vingers bewogen kunnen worden en het voetje als extraatje om nog lagere noten te kunnen spelen. Hij wordt bij het spelen dwars naar rechts gehouden. De dwarsfluit heeft een toonomvang (ambitus) van meer dan 3 octaven.<\/p>\n<h2>Hoe ontstaat de klank?<\/h2>\n<p>De klank in de dwarsfluit wordt gevormd door luchtsplitsing. De lucht wordt gespleten door de rand van het gaatje in het kopstuk. Het stemmen van dit instrument gebeurt door het induwen of uittrekken van het kopstuk. Men moet het instrument inkorten voor een hogere toon en uittrekken voor een lagere toon. Men kan ook de toon een beetje veranderen door de lipspanning aan te passen. Om een mooie toon te krijgen moet men de tanden van elkaar houden, het gaatje in het kopstuk voor niet meer dan twee derde bedekken, en een mooie rechte houding aannemen.<\/p>\n<p><iframe loading=\"lazy\" title=\"Sonata VI Allegro\" width=\"604\" height=\"340\" src=\"https:\/\/www.youtube.com\/embed\/YBmT823IP6c?feature=oembed\" frameborder=\"0\" allow=\"accelerometer; autoplay; clipboard-write; encrypted-media; gyroscope; picture-in-picture; web-share\" referrerpolicy=\"strict-origin-when-cross-origin\" allowfullscreen><\/iframe><\/p>\n<h2>Houten blaasinstrument<\/h2>\n<p>Van dwarsfluiten denkt men vaak dat het koperblazers zijn omdat ze van metaal gemaakt zijn. Het onderscheid tussen koperblazers en houtblazers is de klankproductie, niet het materiaal. Bij koperblazers worden de tonen geproduceerd door de buis te verlengen of te verkorten; bij houtblazers worden de tonen geproduceerd door gaten wel of niet te bedekken. Van alle houtblazers heeft de dwarsfluit het kleinste aantal kleppen.<\/p>\n<p>&nbsp;<\/p>\n<p>&nbsp;<\/p>\n","protected":false},"excerpt":{"rendered":"<p>De dwarsfluit &#8211; in de klassieke muziek meestal kortweg fluit genoemd &#8211; wordt, zoals de naam aangeeft, dwars op de lippen geblazen; de luchtstroom uit de mond staat haaks op de boring van het instrument. De kleinere en hoger gestemde uitvoering wordt piccolo genoemd, de grotere uitvoeringen altfluit en basfluit. Theobald B\u00f6hm De moderne dwarsfluit, &hellip; <a href=\"http:\/\/www.margreetdatema.nl\/wordpress\/de-dwarsfluit\/\" class=\"more-link\">Lees verder <span class=\"screen-reader-text\">De dwarsfluit<\/span> <span class=\"meta-nav\">&rarr;<\/span><\/a><\/p>\n","protected":false},"author":1,"featured_media":0,"parent":0,"menu_order":0,"comment_status":"closed","ping_status":"closed","template":"","meta":{"footnotes":""},"class_list":["post-19","page","type-page","status-publish","hentry"],"yoast_head":"<!-- This site is optimized with the Yoast SEO plugin v25.6 - https:\/\/yoast.com\/wordpress\/plugins\/seo\/ -->\n<title>Dwarsfluit - Dwarsfluitpraktijk Margreet Datema<\/title>\n<meta name=\"description\" content=\"Dwarsfluitles voor volwassenen bij Dwarsfluitpraktijk Margreet Datema kan in Schoonebeek en Coevorden. Meld je nu aan.\" \/>\n<meta name=\"robots\" content=\"index, follow, max-snippet:-1, max-image-preview:large, max-video-preview:-1\" \/>\n<link rel=\"canonical\" href=\"http:\/\/www.margreetdatema.nl\/wordpress\/de-dwarsfluit\/\" \/>\n<meta property=\"og:locale\" content=\"nl_NL\" \/>\n<meta property=\"og:type\" content=\"article\" \/>\n<meta property=\"og:title\" content=\"Dwarsfluit - Dwarsfluitpraktijk Margreet Datema\" \/>\n<meta property=\"og:description\" content=\"Dwarsfluitles voor volwassenen bij Dwarsfluitpraktijk Margreet Datema kan in Schoonebeek en Coevorden. Meld je nu aan.\" \/>\n<meta property=\"og:url\" content=\"http:\/\/www.margreetdatema.nl\/wordpress\/de-dwarsfluit\/\" \/>\n<meta property=\"og:site_name\" content=\"Dwarsfluitpraktijk Margreet Datema\" \/>\n<meta property=\"article:modified_time\" content=\"2024-10-01T18:22:21+00:00\" \/>\n<meta name=\"twitter:card\" content=\"summary_large_image\" \/>\n<meta name=\"twitter:label1\" content=\"Geschatte leestijd\" \/>\n\t<meta name=\"twitter:data1\" content=\"2 minuten\" \/>\n<script type=\"application\/ld+json\" class=\"yoast-schema-graph\">{\"@context\":\"https:\/\/schema.org\",\"@graph\":[{\"@type\":\"WebPage\",\"@id\":\"http:\/\/www.margreetdatema.nl\/wordpress\/de-dwarsfluit\/\",\"url\":\"http:\/\/www.margreetdatema.nl\/wordpress\/de-dwarsfluit\/\",\"name\":\"Dwarsfluit - Dwarsfluitpraktijk Margreet Datema\",\"isPartOf\":{\"@id\":\"http:\/\/www.margreetdatema.nl\/wordpress\/#website\"},\"datePublished\":\"2014-01-03T18:39:43+00:00\",\"dateModified\":\"2024-10-01T18:22:21+00:00\",\"description\":\"Dwarsfluitles voor volwassenen bij Dwarsfluitpraktijk Margreet Datema kan in Schoonebeek en Coevorden. Meld je nu aan.\",\"breadcrumb\":{\"@id\":\"http:\/\/www.margreetdatema.nl\/wordpress\/de-dwarsfluit\/#breadcrumb\"},\"inLanguage\":\"nl-NL\",\"potentialAction\":[{\"@type\":\"ReadAction\",\"target\":[\"http:\/\/www.margreetdatema.nl\/wordpress\/de-dwarsfluit\/\"]}]},{\"@type\":\"BreadcrumbList\",\"@id\":\"http:\/\/www.margreetdatema.nl\/wordpress\/de-dwarsfluit\/#breadcrumb\",\"itemListElement\":[{\"@type\":\"ListItem\",\"position\":1,\"name\":\"Home\",\"item\":\"http:\/\/www.margreetdatema.nl\/wordpress\/\"},{\"@type\":\"ListItem\",\"position\":2,\"name\":\"De dwarsfluit\"}]},{\"@type\":\"WebSite\",\"@id\":\"http:\/\/www.margreetdatema.nl\/wordpress\/#website\",\"url\":\"http:\/\/www.margreetdatema.nl\/wordpress\/\",\"name\":\"Dwarsfluitpraktijk Margreet Datema\",\"description\":\"Docente dwarsfluit, Schoonebeek (zuid-oost Drenthe)\",\"potentialAction\":[{\"@type\":\"SearchAction\",\"target\":{\"@type\":\"EntryPoint\",\"urlTemplate\":\"http:\/\/www.margreetdatema.nl\/wordpress\/?s={search_term_string}\"},\"query-input\":{\"@type\":\"PropertyValueSpecification\",\"valueRequired\":true,\"valueName\":\"search_term_string\"}}],\"inLanguage\":\"nl-NL\"}]}<\/script>\n<!-- \/ Yoast SEO plugin. -->","yoast_head_json":{"title":"Dwarsfluit - Dwarsfluitpraktijk Margreet Datema","description":"Dwarsfluitles voor volwassenen bij Dwarsfluitpraktijk Margreet Datema kan in Schoonebeek en Coevorden. Meld je nu aan.","robots":{"index":"index","follow":"follow","max-snippet":"max-snippet:-1","max-image-preview":"max-image-preview:large","max-video-preview":"max-video-preview:-1"},"canonical":"http:\/\/www.margreetdatema.nl\/wordpress\/de-dwarsfluit\/","og_locale":"nl_NL","og_type":"article","og_title":"Dwarsfluit - Dwarsfluitpraktijk Margreet Datema","og_description":"Dwarsfluitles voor volwassenen bij Dwarsfluitpraktijk Margreet Datema kan in Schoonebeek en Coevorden. Meld je nu aan.","og_url":"http:\/\/www.margreetdatema.nl\/wordpress\/de-dwarsfluit\/","og_site_name":"Dwarsfluitpraktijk Margreet Datema","article_modified_time":"2024-10-01T18:22:21+00:00","twitter_card":"summary_large_image","twitter_misc":{"Geschatte leestijd":"2 minuten"},"schema":{"@context":"https:\/\/schema.org","@graph":[{"@type":"WebPage","@id":"http:\/\/www.margreetdatema.nl\/wordpress\/de-dwarsfluit\/","url":"http:\/\/www.margreetdatema.nl\/wordpress\/de-dwarsfluit\/","name":"Dwarsfluit - Dwarsfluitpraktijk Margreet Datema","isPartOf":{"@id":"http:\/\/www.margreetdatema.nl\/wordpress\/#website"},"datePublished":"2014-01-03T18:39:43+00:00","dateModified":"2024-10-01T18:22:21+00:00","description":"Dwarsfluitles voor volwassenen bij Dwarsfluitpraktijk Margreet Datema kan in Schoonebeek en Coevorden. Meld je nu aan.","breadcrumb":{"@id":"http:\/\/www.margreetdatema.nl\/wordpress\/de-dwarsfluit\/#breadcrumb"},"inLanguage":"nl-NL","potentialAction":[{"@type":"ReadAction","target":["http:\/\/www.margreetdatema.nl\/wordpress\/de-dwarsfluit\/"]}]},{"@type":"BreadcrumbList","@id":"http:\/\/www.margreetdatema.nl\/wordpress\/de-dwarsfluit\/#breadcrumb","itemListElement":[{"@type":"ListItem","position":1,"name":"Home","item":"http:\/\/www.margreetdatema.nl\/wordpress\/"},{"@type":"ListItem","position":2,"name":"De dwarsfluit"}]},{"@type":"WebSite","@id":"http:\/\/www.margreetdatema.nl\/wordpress\/#website","url":"http:\/\/www.margreetdatema.nl\/wordpress\/","name":"Dwarsfluitpraktijk Margreet Datema","description":"Docente dwarsfluit, Schoonebeek (zuid-oost Drenthe)","potentialAction":[{"@type":"SearchAction","target":{"@type":"EntryPoint","urlTemplate":"http:\/\/www.margreetdatema.nl\/wordpress\/?s={search_term_string}"},"query-input":{"@type":"PropertyValueSpecification","valueRequired":true,"valueName":"search_term_string"}}],"inLanguage":"nl-NL"}]}},"_links":{"self":[{"href":"http:\/\/www.margreetdatema.nl\/wordpress\/wp-json\/wp\/v2\/pages\/19"}],"collection":[{"href":"http:\/\/www.margreetdatema.nl\/wordpress\/wp-json\/wp\/v2\/pages"}],"about":[{"href":"http:\/\/www.margreetdatema.nl\/wordpress\/wp-json\/wp\/v2\/types\/page"}],"author":[{"embeddable":true,"href":"http:\/\/www.margreetdatema.nl\/wordpress\/wp-json\/wp\/v2\/users\/1"}],"replies":[{"embeddable":true,"href":"http:\/\/www.margreetdatema.nl\/wordpress\/wp-json\/wp\/v2\/comments?post=19"}],"version-history":[{"count":10,"href":"http:\/\/www.margreetdatema.nl\/wordpress\/wp-json\/wp\/v2\/pages\/19\/revisions"}],"predecessor-version":[{"id":765,"href":"http:\/\/www.margreetdatema.nl\/wordpress\/wp-json\/wp\/v2\/pages\/19\/revisions\/765"}],"wp:attachment":[{"href":"http:\/\/www.margreetdatema.nl\/wordpress\/wp-json\/wp\/v2\/media?parent=19"}],"curies":[{"name":"wp","href":"https:\/\/api.w.org\/{rel}","templated":true}]}}